 = 4*n(z) - 11*r(z). Let q = 25 - 7. Let d = -15 + q. Determine i(d).
7
Let s(y) = -22 - 70*y**2 + 4*y + 5*y + 71*y**2 + 4*y. Determine s(-15).
8
Let i(u) be the first derivative of -u**5/20 + u**4/6 + u**3/3 + u**2 - 3*u + 65. Let c(q) be the first derivative of i(q). Determine c(3).
-1
Let n(j) = 74 + 0*j**3 + 0*j**3 + 2*j**3 - 69. Determine n(3).
59
Let m(r) be the second derivative of r**4/6 - 37*r**3/6 - 107*r**2/2 - 10489*r. Determine m(21).
-2
Let j(k) = -k - 4. Let h be j(-6). Let l(w) = 0*w**h - 5 + 93*w - w**2 - 85*w. Suppose -22 = x - 5*x + 2*v, -4*x + 25 = -5*v. What is l(x)?
10
Let o(v) be the first derivative of -2*v**3 - v - 12 + 29 + 32 - 11. What is o(1)?
-7
Let j(n) = 22*n**3 + 2*n**2 - 3*n. Let x be (0 - 1/2)*(97 + -99). Calculate j(x).
21
Let n(c) be the second derivative of -5*c**3/6 + 9*c**2 + 9*c + 55. Calculate n(4).
-2
Let j = 458 - -308. Let q(r) = 382 + 386 - j - 2*r. Give q(-4).
10
Let r = -17 + 22. Let h(t) be the second derivative of t**2 + 6*t + t**3 - 1/12*t**4 + 0. Calculate h(r).
7
Let i(h) be the first derivative of -2*h**3/3 - 23*h**2 + 14*h - 4077. Give i(-23).
14
Let l(t) = 24*t + 35. Let b(k) = 6*k + 4. Let c(j) = 3*b(j) - l(j). Calculate c(-4).
1
Let p(a) = -2*a**2 - 8*a - 6. Let i = 39 - 11. Let o be (i/(-4) + 3)*1. What is p(o)?
-6
Let o(m) be the first derivative of m**4/4 - 5*m**3/3 - 3*m**2 - 8*m + 1. Let v = -64 - -66. Suppose 3*r = -v*s + 28, -5*s + 19 = 5*r - 36. Determine o(r).
-8
Suppose 0 = -2*d + d + 4, -3*u = -4*d + 31. Let w(m) = -4*m - 16. Calculate w(u).
4
Let z(n) = -n - 22. Let b be z(-26). Suppose b*r - 28*o - 8 = -32*o, 3*r = -o + 12. Let d(f) = -f**3 + 5*f**2 - 3*f + 5. Determine d(r).
-10
Let u(o) = o**3 - 27*o**2 - 69*o + 5. Let j be u(29). Let d = j + 319. Let l(n) be the first derivative of n**2/2 - 6*n - 2. Determine l(d).
-1
Let t(x) = x**3 - 9*x**2 + 9*x + 6. Suppose k = 4*y - 113, -6*y + 7*y + 5*k - 2 = 0. Suppose -l = 4*m - 6*l - y, -2*m = -4*l - 12. What is t(m)?
14
Let w be (1/(-1))/(3/(-9)). Let f(x) = 4 + 176*x**2 - 93*x**2 - 80*x**2 + 0 - 2*x. Give f(w).
25
Let w(p) = p**2 - p - 8. Let f be 123/11 - (-4 + 276/66). Let r(i) = -2*i**2 + 3*i + 15. Let a = -285 - -291. Let z(q) = a*r(q) + f*w(q). Give z(7).
2
Let g(f) = -f**2 + 6*f + 14. Let y = 11 + -4. Let a be g(y). Let h(r) = r**3 - 6*r**2 - 8*r + 1. Give h(a).
-6
Let a(o) = -o**3 + 4*o**2 + 5*o + 3. Let k(s) = 8*s. Let g be k(2). Suppose -w + 5*w = -3*w + 14. Suppose w*v + 2*v = g. Calculate a(v).
23
Suppose -121 - 38 = -5*i + z, 0 = 4*i + 3*z - 131. Let d(b) = b**2 - 31*b - 13. Give d(i).
19
Let b(x) be the first derivative of -x**3/3 + 13*x**2 + 189*x + 2596. Calculate b(-6).
-3
Let i(y) be the second derivative of 88 + 1/3*y**3 - 5/2*y**2 - 2*y. Let n be (1 + -2)*(-5)/1. Give i(n).
5
Let v = -2 - -5. Let i(o) = -353*o - 2468. Let t be i(-7). Let r(u) = -v*u**3 - 2 + 8*u**3 - 4*u**t + 4 - u + u**2. Give r(-2).
0
Let q(h) = 4*h**2 - 2*h + 9. Let o(x) = x**2 + 1. Let t = 642 - 647. Let z(r) = t*o(r) + q(r). Calculate z(-6).
-20
Let h(k) = -2*k**2 + 3*k + 4. Let t be (-36)/42 - 55/(-7). Let i be (t - -7 - 4)/((-2)/(-1)). What is h(i)?
-31
Suppose -2*p + 12*p = 60. Suppose -75*z + p = -72*z. Let o(m) = 4*m**2 - 2*m - 1. Determine o(z).
11
Let j(u) = 7*u**2 + 2*u - 2. Let y(b) = -2*b**2 + b - 1. Let i(h) = h**2 + 12*h + 1. Let o be i(-12). Let p(n) = o*j(n) + 4*y(n). Calculate p(6).
-6
Let f(o) = -9*o + 1. Let u(t) = 31*t - 17. Let k(w) = -2*f(w) - u(w). Calculate k(1).
2
Let t(b) = -2*b**2 - 3*b + 1. Suppose -3*z - 8 = -4*x, -x - 4*z = -3*z - 2. What is t(x)?
-13
Let g(j) = -6*j - 12. Let m be g(-1). Let l be (-12)/m*-7*1/2. Let h(q) = q**2 + 6*q + 5. Give h(l).
12
Let m = -1 - -3. Suppose 3*f = -9, m = w - 5*f - 3. Let y(x) be the third derivative of -x**4/24 - 2*x**3/3 + 4931*x**2. Give y(w).
6
Let b(u) be the second derivative of -38 + u**2 + 0*u**3 - 1/6*u**4 - u. Determine b(-2).
-6
Suppose -5*g + 20 = -5*x, 8 = x - 0*x + 2*g. Let v be (-1 + x)/(1/(-2)). Suppose -j = -v*w + 10, w - 5*j = -0*j + 5. Let a(u) = -u**2 + 7*u - 5. What is a(w)?
5
Let v(u) = u**2 - 18*u + 30. Let c be (-2 + 6/(-3))*(-7)/2. Give v(c).
-26
Suppose 3*f + 40 = 8*f. Let t be (1 + -13)*(-6)/12. Let j(s) = -5*s + 1. Let h(b) = -9*b + 1. Let x(c) = t*h(c) - 11*j(c). Determine x(f).
3
Let d(q) = 2*q - 7. Let w(a) = a - 1. Suppose 24 = 16*s - 22*s. Let p(r) = s*w(r) + d(r). Give p(5).
-13
Let t(a) = 5*a + 1. Let h(v) = 2*v**2 - v**3 - 11*v + 11 + 10*v**2 - v**2. Let d be h(10). Let g be -1*d*(-2)/2. Give t(g).
6
Let b = -127 - -125. Suppose 8 - 13 = -5*r. Let i(c) = r + 9*c - c - c. Give i(b).
-13
Let m(z) = -z + 45. Let j(s) = -3*s + 129. Let p(a) = 6*j(a) - 17*m(a). Calculate p(-8).
17
Let m(j) be the third derivative of -j**5/60 + 3*j**4/4 + 59*j**3/3 + 369*j**2 + 1. What is m(24)?
-26
Let j(m) = m**2 - m - 1. Let p(o) = 24*o + 2. Let g(f) = 2*j(f) + p(f). Let d be g(-11). Let c(r) = 5*r - 2*r - 4*r + 5. Calculate c(d).
5
Let n = 591 + -383. Let x = -210 + n. Let a(b) = 3*b**2 - 3*b - 2. Calculate a(x).
16
Let a(s) be the first derivative of -s**4/4 - s**3/3 + 3*s**2/2 + s - 21. Let f be ((-4167)/2315)/((-3)/5). Give a(f).
-26
Let n(o) = 2 - 4922*o + 4925*o - 4 - 1. Let y be 4/6 + (-26)/3. Let x = y - -11. Calculate n(x).
6
Let r(p) be the second derivative of p**7/2520 + p**6/240 - p**5/60 + 3*p**4/4 - p**3/3 + p + 82. Let w(g) be the third derivative of r(g). Calculate w(-4).
2
Let q(c) be the first derivative of c**4/4 + 4*c**3/3 - 4*c**2 - 19*c + 959. Determine q(-5).
-4
Let z(p) = 10*p**3 - 4*p + 5. Let f = 157 + -153. Let m(l) = l**3 - l + 1. Let o(q) = f*m(q) - z(q). Give o(-1).
5
Let q(s) = s**2 - 3*s + 4. Let r(y) = -5 + 15*y**2 - 21*y**2 + 14*y - 8 - 8. Let d(p) = -11*q(p) - 2*r(p). Let m = -4 + -1. What is d(m)?
-2
Let j(z) = -z**2 - 16*z + 189. Let f be j(8). Let x(d) = -d**3 - 3*d**2 - d + 3. Calculate x(f).
6
Let r be 3*5 + (-37)/((-1443)/(-390)). Let b(u) = -2*u**2 + 6*u - 7. Determine b(r).
-27
Let z(b) be the third derivative of b**4/12 - 2*b**3 + 47*b**2 + 3. Let o(f) = 2 - 4 - 6*f + 3*f + 4. Let y be o(-2). Calculate z(y).
4
Let g(l) = 4*l**2 + l. Let n be g(-1). Let j(p) = 7*p - 5. Let c(z) = 20*z + 34 + 47 + 0*z - 95. Let v(t) = 5*c(t) - 14*j(t). Calculate v(n).
6
Let v(z) = -8*z - 2917 + 5798 - 2907. Calculate v(0).
-26
Let v be 21*((-20)/(-6) - (-1 - -4)). Let w be 3 - (v - 4) - (6 - -1). Let t(b) = b**3 + 8*b**2 + 6*b + 3. Give t(w).
10
Let q(p) = -2*p**2 + 4*p - 2. Let f(a) = -a**2 - a + 2. Let r(x) = -f(x) - 2*q(x). What is r(3)?
26
Let s(b) = -b**3 + 4*b**2 + 17*b - 26. Let n be s(6). Let x = -4 - -9. Let j(h) = -6*h + x*h - h + 1. Determine j(n).
-7
Let j(t) be the first derivative of t**4/12 - t**3 - 2*t**2 + 220*t - 116. Let l(c) be the first derivative of j(c). Calculate l(7).
3
Suppose 10*y - 14 + 34 = 0. Let x be 6*(-5)/15 + y*1. Let b(d) = 3*d + 1. Calculate b(x).
-11
Let l = 373 + -370. Let g(t) = 2 - l - 8 - t. Give g(10).
-19
Suppose 6*t - 129 + 105 = 0. Let i(j) = -2*j + 5. Let d(l) = l - 2. Let b(r) = 7*d(r) + 3*i(r). Determine b(t).
5
Let v(r) = 1 + 9*r - 10 - r**2 + 1. Suppose 15 = -5*n, -25*n = s - 23*n - 6. Suppose s*t - 54 = 54. Give v(t).
-8
Suppose 5*w = 5*a - 13 - 32, -4*w = -a - 3. Let l(c) = 4 - 20 - c + a + 1. Give l(-7).
5
Let x = -970 + 970. Let h(d) = d**3 - d**2 + 3*d + 3. Calculate h(x).
3
Let n(q) = -1 - 2*q**2 - 1306*q + 2596*q - q**3 - 1294*q. Determine n(-3).
20
Let m(r) = r**3 + 12*r**2 + 7*r + 14. Let h(t) = -146*t + 135. Let w be h(1). Determine m(w).
58
Suppose o + 0*r + r - 13 = 0, 5*o - 44 = 2*r. Suppose -9*f + o*f = 2. Let l(c) = 7*c - 4. What is l(f)?
10
Let s(k) = 22*k - 57. Let b(g) = -64*g + 176. Let d(u) = -5*b(u) - 14*s(u). What is d(7)?
2
Let j(x) be the second derivative of -x + 1/3*x**3 - 1/2*x**2 - 44. What is j(-2)?
-5
Let p(y) = 14*y + 1. Let q(x) = -55*x - 25. Let c(j) = 4*p(j) + q(j). What is c(15)?
-6
Let n(d) = 2*d**2 - 5*d + 2. Let a be n(3). Let m(s) be the third derivative of s**5/30 - 7*s**4/24 + 7*s**3/6 + 24362*s**2. Give m(a).
22
Let h(b) = 97 - 96 + 8018*b - 8019*b. What is h(-4)?
5
Let z(s) = -7*s**3 - 9*s**2 + 8*s + 7. Let j(r) = -2*r**3 - 2*r**2 + r + 1. Let k(t) = -3*j(t) + z(t). Give k(-4).
0
Let q = -10 + 12. Let l(d) = q*d**2 - d**2 + 3*d - 2*d. 